tor of w and u?
6
Let p(n) = 7*n**2 + 147*n + 814. Let u be p(-8). What is the greatest common factor of u and 9417?
43
Let o(w) = 21*w**2 - 7*w + 1008. Let r be o(27). What is the greatest common factor of 216 and r?
72
Let t be -1 + 24 + -1 + -2. Let i be ((-6)/(-5))/(2 + 788/(-400)). What is the greatest common factor of i and t?
20
Suppose 3428 + 1428 = 8*u. Suppose u = 2*l - 33. What is the highest common factor of 40 and l?
40
Let o = -2614 - -2962. What is the highest common factor of 4089 and o?
87
Let g = 10 + -6. Let w(n) = n**3 - 32*n**2 + 32*n + 24. Let l be w(31). Suppose -l = -q - g*q. Calculate the greatest common factor of 22 and q.
11
Let c be (1 - (4 - 3)) + 72 + -3. Suppose -w = k - 45, -2*k + 3*w + 99 = 9. Let t = 91 - k. Calculate the greatest common divisor of t and c.
23
Suppose 4 = -r + 62. Suppose -r - 122 = 3*b. Let m = b - -82. What is the greatest common divisor of 2 and m?
2
Let h be 42/(-1 - -7)*12/14. Suppose -2*t + 10 = -4*i, -93 - 2 = -5*t - 4*i. What is the greatest common factor of h and t?
3
Let c(v) = v**3 + 6*v**2 + 7*v + 6. Let a be c(-4). Let b = -35206 - -35316. What is the highest common factor of a and b?
10
Suppose 31 = t + 2*y, 595*y - 246 = -5*t + 598*y. What is the greatest common divisor of t and 9180?
45
Let p be 52/91*728/16. What is the highest common divisor of 1261 and p?
13
Suppose 11393*g = 11371*g + 616. What is the highest common factor of g and 6524?
28
Let b(q) = 28*q**2 + 19*q + 169. Let w be b(-9). What is the highest common factor of 412 and w?
206
Let c = 237 - 320. Suppose 3*m - b = 314, 65 + 18 = m + 4*b. Let o = c + m. What is the greatest common factor of 4 and o?
4
Suppose -6*z = -4*z - 16. Suppose 234*g - 1219 - 6161 + 1764 = 0. Calculate the greatest common factor of z and g.
8
Suppose -x + 78 + 70 = 4*m, 2*m - 2*x = 64. Suppose 5*s + m = 61. Suppose -66 = -s*u + 494. What is the greatest common divisor of 28 and u?
28
Let p be (800/250)/(4/10). Let u be (-17 + 7)/(3/6 + -1). What is the highest common divisor of u and p?
4
Let w = 332 - 212. Calculate the greatest common divisor of 195 and w.
15
Let x(p) = -1042*p + 80. Let r be x(-1). Calculate the highest common divisor of 99 and r.
33
Let t(b) = -b**3 - 5*b**2 + b - 66. Let s be t(-7). Suppose -4*a = 2*z - 32 - 1272, -2 = -z. Calculate the greatest common factor of a and s.
25
Suppose o - 3*o + 124 = 0. Let g(r) = -859*r - 7452. Let c be g(-9). Calculate the greatest common divisor of c and o.
31
Suppose -6*o - o = -4*o - 1164. Calculate the greatest common factor of 873 and o.
97
Let p(i) = -i**3 + 26*i**2 - 35*i + 71. Let v be p(11). Calculate the highest common factor of 316 and v.
79
Let q(t) = t**2 - 30*t - 6. Let n be q(9). Let w = 293 + n. Suppose 3*r = -r - 8, -3*r = -4*g + w. What is the highest common factor of 23 and g?
23
Suppose -40618 = -3*t + 4*a, 0 = -438*t + 440*t + 3*a - 27090. Calculate the greatest common divisor of 222 and t.
222
Suppose 21 - 29 = -a. Let v be (-1)/((-6)/a)*(-864)/(-64). Calculate the highest common divisor of v and 30.
6
Suppose 26*w - 67*w + 9738 + 24292 = 0. What is the highest common divisor of 2822 and w?
166
Let r be (-96)/(-160) + 114/10. Calculate the greatest common divisor of 510 and r.
6
Suppose y = -n + 17, n + 2*n = y - 5. Let q be 30/5 + (-3)/3. Suppose 2*j - 2*k + 5*k = 103, k + 283 = q*j. Calculate the highest common factor of y and j.
14
Let f = -3115 + 3455. What is the highest common divisor of f and 940?
20
Let i(q) = q**2 - 19*q - 578. Let k be i(36). Let s = -32 + 66. What is the greatest common factor of s and k?
34
Let b = -22312 + 28563. Calculate the greatest common divisor of 2632 and b.
329
Let r(p) = 2*p**3 + 2*p**2 - 26*p + 138. Let q be r(6). What is the greatest common divisor of 216 and q?
54
Let m = -185 - -1325. What is the greatest common divisor of m and 475?
95
Let k = -21 - -39. Let h = 5106 + -5088. Calculate the highest common factor of h and k.
18
Suppose 3*n + 5 = s, 7*n - 4 = 8*n. Let t be 8/28 - 19/s. Suppose -104 = -b - t*b. Calculate the greatest common divisor of 39 and b.
13
Suppose -6253 - 17342 = -33*b. Calculate the highest common divisor of b and 1755.
65
Let w(b) = -191*b + 1855. Let i be w(9). What is the greatest common divisor of i and 8?
8
Let v = -59 + 196. Suppose -3*t - v + 15 = -2*z, 0 = -3*t. What is the greatest common factor of 793 and z?
61
Let i = -194 + 244. Suppose 42*w + 3400 = i*w. Calculate the greatest common factor of 17 and w.
17
Let t(s) = 3*s**2 + 30*s + 63. Let c be t(-15). Let j be c - ((4 - 10) + 8). Let n = -7 - -33. Calculate the highest common divisor of n and j.
26
Let f = -1554 + 2105. Calculate the greatest common factor of 493 and f.
29
Let k(g) = -2*g**2 + 160*g - 468. Let z be k(67). What is the highest common divisor of 1001 and z?
91
Suppose 2*a - 4*r - 24 = 0, -2*r - 2*r + 26 = 3*a. Suppose a*l = -258 + 2978. Calculate the greatest common divisor of 204 and l.
68
Let u = 697 - 543. Suppose -18*c + 19*c - 14 = -3*m, c - 5*m = 14. Calculate the greatest common factor of u and c.
14
Suppose 5*f - 195 = -g - g, 3*f - 133 = 2*g. Suppose 5 = z - 36. What is the greatest common factor of z and f?
41
Suppose -6*z + 8 = -22. Suppose z*d - 513 = 117. Suppose d = -8*y + 15*y. Calculate the greatest common divisor of 144 and y.
18
Let w = -5809 + 5816. Let b(l) = 37*l - 15. Let t be b(4). Calculate the greatest common divisor of w and t.
7
Suppose -5*l + 24 = 3*l. Suppose -5*p + 4*g = -137, 0 = l*p + 3*g - 36 - 30. Let v = p - 20. What is the highest common divisor of 5 and v?
5
Let x = 2521 + -351. Suppose -4*r - r + u - 10 = 0, 0 = 5*u - 25. Let j be x/30 + (1/3)/r. What is the greatest common factor of 18 and j?
18
Suppose 2*d - 445 = -t + 10057, -d + t = -5251. What is the highest common factor of 178 and d?
89
Let u(n) = 4*n**2 - 14*n + 92. Let s be u(7). Calculate the highest common divisor of s and 114.
38
Let z be (-4)/2 + -1*12/(-3). Suppose -3*v = -z*r - 172, 4*v + r = 5*v - 56. Let s = -20 + v. Calculate the highest common factor of s and 10.
10
Suppose 5*l + 10 = 0, -11*l = 12*x - 9*x - 1022. What is the highest common divisor of x and 4263?
87
Let k be (2/(-3))/(8/4944). Let u = -385 - k. Calculate the highest common factor of 513 and u.
27
Suppose 11*y = -8*y + 1398 - 1189. Calculate the greatest common divisor of y and 4609.
11
Let t = -1401 + 552. Let o = t + 1493. Let l be (12/(-21))/((-8)/o). What is the highest common divisor of 368 and l?
46
Let j be (-1 + 7)*3*279/54. Let y = -108 + j. Let p be 2/y - (-4477)/165. Calculate the highest common divisor of 18 and p.
9
Let i = 107 + -102. Suppose -35 = -4*f - 5*c + 2*c, i*c + 37 = 2*f. What is the greatest common factor of f and 187?
11
Let r be ((-9)/6)/((11/(-6))/11 + 0). Let b be 3/(-8) - (-2892)/32. What is the greatest common factor of b and r?
9
Let k be ((-224)/48)/((-5)/(-6) + -1). Let u = k + -12. Suppose -10 = -r - 4*i + 10, -5*r - 5*i = -55. Calculate the highest common factor of u and r.
8
Let t(m) = -m**3 - 3*m**2 - 7*m + 6. Let g be t(-3). Suppose -25*o + g*o = 72. What is the highest common factor of 48 and o?
12
Let u be (30/5*(1 + -11))/(-1). Suppose 0 = g + 3*v - 71, 2*g + 5*v - 74 = 71. Let i = g + -40. What is the greatest common factor of u and i?
20
Let k(b) = 3*b**3 - 2*b**2 + b. Let m be k(2). Let n = 29 + -27. Suppose 5*o = -w + 17, n*w + 6 = -3*o + 75. Calculate the greatest common divisor of w and m.
6
Let v = 19 - 4. Suppose 4*o + 1811 - 2565 = -2*q, -3*q = o - 156. What is the highest common divisor of v and o?
15
Let a be -1848*((-58)/(-4))/(-29). What is the highest common factor of 168 and a?
84
Let s(i) = -i**3 - i**2 - 3*i - 7. Let o be s(-6). Let x = o + -110. Let h = x + -16. What is the greatest common factor of h and 13?
13
Suppose -41 - 25 = -6*d. Suppose -4*z - 1071 = 4*j - 5*j, 5*j + 2*z = 5333. What is the greatest common divisor of j and d?
11
Let p(m) = -m**2 + 35*m + 5. Let j be p(35). Suppose 0 = -5*v - j*g + 125, 5*v - 3*g - 119 = -2*g. What is the highest common divisor of v and 252?
12
Suppose 0 = 3*l - 0*l - 33. Suppose 16*h + 25 = 233. Let w be -2 + 2/(-1) + h*2. Calculate the greatest common divisor of l and w.
11
Let v = -495 - -767. Suppose -2*j - 29 = -97. Calculate the greatest c